{"id":21,"date":"2025-02-27T00:07:00","date_gmt":"2025-02-27T00:07:00","guid":{"rendered":"https:\/\/studiodesignweb.com.br\/arquitetura\/?page_id=21"},"modified":"2025-03-13T13:05:27","modified_gmt":"2025-03-13T13:05:27","slug":"sobre-nos","status":"publish","type":"page","link":"https:\/\/studiodesignweb.com.br\/arquitetura\/sobre-nos\/","title":{"rendered":"Sobre N\u00f3s"},"content":{"rendered":"\t\t<div data-elementor-type=\"wp-page\" data-elementor-id=\"21\" class=\"elementor elementor-21\" data-elementor-post-type=\"page\">\n\t\t\t\t<div class=\"elementor-element elementor-element-c4309a2 e-flex e-con-boxed e-con e-parent\" data-id=\"c4309a2\" data-element_type=\"container\" data-settings=\"{&quot;background_background&quot;:&quot;classic&quot;}\">\n\t\t\t\t\t<div class=\"e-con-inner\">\n\t\t\t\t<div class=\"elementor-element elementor-element-b39d0fa elementor-widget-tablet__width-inherit elementor-widget elementor-widget-heading\" data-id=\"b39d0fa\" data-element_type=\"widget\" data-widget_type=\"heading.default\">\n\t\t\t\t<div class=\"elementor-widget-container\">\n\t\t\t\t\t<p class=\"elementor-heading-title elementor-size-default\">Sobre N\u00f3s<\/p>\t\t\t\t<\/div>\n\t\t\t\t<\/div>\n\t\t\t\t\t<\/div>\n\t\t\t\t<\/div>\n\t\t<div class=\"elementor-element elementor-element-124c9ef e-flex e-con-boxed e-con e-parent\" data-id=\"124c9ef\" data-element_type=\"container\">\n\t\t\t\t\t<div class=\"e-con-inner\">\n\t\t<div class=\"elementor-element elementor-element-7276fc4 e-con-full e-flex e-con e-child\" data-id=\"7276fc4\" data-element_type=\"container\">\n\t\t\t\t<div class=\"elementor-element elementor-element-76a2d67 elementor-widget-tablet__width-inherit elementor-widget elementor-widget-heading\" data-id=\"76a2d67\" data-element_type=\"widget\" data-widget_type=\"heading.default\">\n\t\t\t\t<div class=\"elementor-widget-container\">\n\t\t\t\t\t<p class=\"elementor-heading-title elementor-size-default\">Conhe\u00e7a a Nexus Home<\/p>\t\t\t\t<\/div>\n\t\t\t\t<\/div>\n\t\t\t\t<div class=\"elementor-element elementor-element-f86b248 elementor-invisible elementor-widget elementor-widget-heading\" data-id=\"f86b248\" data-element_type=\"widget\" data-settings=\"{&quot;_animation&quot;:&quot;fadeIn&quot;}\" data-widget_type=\"heading.default\">\n\t\t\t\t<div class=\"elementor-widget-container\">\n\t\t\t\t\t<p class=\"elementor-heading-title elementor-size-default\">Escrit\u00f3rio de arquitetura em GUARIBA<\/p>\t\t\t\t<\/div>\n\t\t\t\t<\/div>\n\t\t\t\t<div class=\"elementor-element elementor-element-46694b0 elementor-widget elementor-widget-text-editor\" data-id=\"46694b0\" data-element_type=\"widget\" data-widget_type=\"text-editor.default\">\n\t\t\t\t<div class=\"elementor-widget-container\">\n\t\t\t\t\t\t\t\t\t<p>Na Nexus Home, entendemos que sua casa \u00e9 muito mais do que um<br \/>espa\u00e7o f\u00edsico. \u00c9 o lugar onde voc\u00ea vive seus melhores momentos,<br \/>cria mem\u00f3rias e expressa sua personalidade.<\/p><p>Nossa miss\u00e3o \u00e9 construir la\u00e7os duradouros com nossos clientes,<br \/>oferecendo um servi\u00e7o personalizado e transparente em todas as<br \/>etapas do projeto. Acreditamos que a comunica\u00e7\u00e3o clara e a<br \/>colabora\u00e7\u00e3o s\u00e3o fundamentais para alcan\u00e7ar resultados<br \/>excepcionais.<\/p><p><strong><span style=\"white-space-collapse: preserve;\">Nossos Valores<\/span><\/strong><\/p><p><strong>Excel\u00eancia:<\/strong>\u00a0Buscamos a perfei\u00e7\u00e3o em tudo o que fazemos.<br \/><strong>Personaliza\u00e7\u00e3o:<\/strong> Cada projeto \u00e9 \u00fanico e adaptado \u00e0s suas<br \/>necessidades.<br \/><strong>Inova\u00e7\u00e3o:<\/strong>\u00a0Estamos sempre atentos \u00e0s \u00faltimas tend\u00eancias e<br \/>tecnologias.<br \/><strong>Sustentabilidade:\u00a0<\/strong>Integramos solu\u00e7\u00f5es eco-eficientes em nossos<br \/>projetos.<\/p><p><span style=\"white-space-collapse: preserve;\">\u00a0<\/span><\/p>\t\t\t\t\t\t\t\t<\/div>\n\t\t\t\t<\/div>\n\t\t\t\t<div class=\"elementor-element elementor-element-1ddee87 elementor-align-left animated-slow elementor-invisible elementor-widget elementor-widget-button\" data-id=\"1ddee87\" data-element_type=\"widget\" data-settings=\"{&quot;_animation&quot;:&quot;fadeIn&quot;}\" data-widget_type=\"button.default\">\n\t\t\t\t<div class=\"elementor-widget-container\">\n\t\t\t\t\t\t\t\t\t<div class=\"elementor-button-wrapper\">\n\t\t\t\t\t<a class=\"elementor-button elementor-button-link elementor-size-sm elementor-animation-shrink\" href=\"https:\/\/studiodesignweb.com.br\/arquitetura\/projeto\/\">\n\t\t\t\t\t\t<span class=\"elementor-button-content-wrapper\">\n\t\t\t\t\t\t<span class=\"elementor-button-icon\">\n\t\t\t\t<svg aria-hidden=\"true\" class=\"e-font-icon-svg e-far-arrow-alt-circle-right\" viewBox=\"0 0 512 512\" xmlns=\"http:\/\/www.w3.org\/2000\/svg\"><path d=\"M504 256C504 119 393 8 256 8S8 119 8 256s111 248 248 248 248-111 248-248zm-448 0c0-110.5 89.5-200 200-200s200 89.5 200 200-89.5 200-200 200S56 366.5 56 256zm72 20v-40c0-6.6 5.4-12 12-12h116v-67c0-10.7 12.9-16 20.5-8.5l99 99c4.7 4.7 4.7 12.3 0 17l-99 99c-7.6 7.6-20.5 2.2-20.5-8.5v-67H140c-6.6 0-12-5.4-12-12z\"><\/path><\/svg>\t\t\t<\/span>\n\t\t\t\t\t\t\t\t\t<span class=\"elementor-button-text\">Ver alguns dos nossos  projetos <\/span>\n\t\t\t\t\t<\/span>\n\t\t\t\t\t<\/a>\n\t\t\t\t<\/div>\n\t\t\t\t\t\t\t\t<\/div>\n\t\t\t\t<\/div>\n\t\t\t\t<\/div>\n\t\t<div class=\"elementor-element elementor-element-8a4982f e-con-full e-flex e-con e-child\" data-id=\"8a4982f\" data-element_type=\"container\">\n\t\t\t\t<div class=\"elementor-element elementor-element-17bbcbb elementor-widget elementor-widget-image\" data-id=\"17bbcbb\" data-element_type=\"widget\" data-widget_type=\"image.default\">\n\t\t\t\t<div class=\"elementor-widget-container\">\n\t\t\t\t\t\t\t\t\t\t\t\t\t\t\t<img fetchpriority=\"high\" decoding=\"async\" width=\"1500\" height=\"1000\" src=\"https:\/\/studiodesignweb.com.br\/arquitetura\/wp-content\/uploads\/2025\/03\/Design-sem-nome-1.gif\" class=\"attachment-full size-full wp-image-194\" alt=\"\" \/>\t\t\t\t\t\t\t\t\t\t\t\t\t\t\t<\/div>\n\t\t\t\t<\/div>\n\t\t\t\t<\/div>\n\t\t\t\t\t<\/div>\n\t\t\t\t<\/div>\n\t\t<div class=\"elementor-element elementor-element-7e31542 e-flex e-con-boxed e-con e-parent\" data-id=\"7e31542\" data-element_type=\"container\">\n\t\t\t\t\t<div class=\"e-con-inner\">\n\t\t\t\t<div class=\"elementor-element elementor-element-589883e elementor-widget__width-initial elementor-widget elementor-widget-counter\" data-id=\"589883e\" data-element_type=\"widget\" data-widget_type=\"counter.default\">\n\t\t\t\t<div class=\"elementor-widget-container\">\n\t\t\t\t\t\t\t<div class=\"elementor-counter\">\n\t\t\t<div class=\"elementor-counter-title\">N\u00famero de Clientes<\/div>\t\t\t<div class=\"elementor-counter-number-wrapper\">\n\t\t\t\t<span class=\"elementor-counter-number-prefix\">+<\/span>\n\t\t\t\t<span class=\"elementor-counter-number\" data-duration=\"2000\" data-to-value=\"300\" data-from-value=\"0\" data-delimiter=\",\">0<\/span>\n\t\t\t\t<span class=\"elementor-counter-number-suffix\"><\/span>\n\t\t\t<\/div>\n\t\t<\/div>\n\t\t\t\t\t\t<\/div>\n\t\t\t\t<\/div>\n\t\t\t\t<div class=\"elementor-element elementor-element-e0b75f8 elementor-widget__width-initial elementor-widget elementor-widget-counter\" data-id=\"e0b75f8\" data-element_type=\"widget\" data-widget_type=\"counter.default\">\n\t\t\t\t<div class=\"elementor-widget-container\">\n\t\t\t\t\t\t\t<div class=\"elementor-counter\">\n\t\t\t<div class=\"elementor-counter-title\">Projetos realizados<\/div>\t\t\t<div class=\"elementor-counter-number-wrapper\">\n\t\t\t\t<span class=\"elementor-counter-number-prefix\">+<\/span>\n\t\t\t\t<span class=\"elementor-counter-number\" data-duration=\"2000\" data-to-value=\"500\" data-from-value=\"0\">0<\/span>\n\t\t\t\t<span class=\"elementor-counter-number-suffix\"><\/span>\n\t\t\t<\/div>\n\t\t<\/div>\n\t\t\t\t\t\t<\/div>\n\t\t\t\t<\/div>\n\t\t\t\t<div class=\"elementor-element elementor-element-458919f elementor-widget__width-initial elementor-widget elementor-widget-counter\" data-id=\"458919f\" data-element_type=\"widget\" data-widget_type=\"counter.default\">\n\t\t\t\t<div class=\"elementor-widget-container\">\n\t\t\t\t\t\t\t<div class=\"elementor-counter\">\n\t\t\t<div class=\"elementor-counter-title\">Obras entregues<\/div>\t\t\t<div class=\"elementor-counter-number-wrapper\">\n\t\t\t\t<span class=\"elementor-counter-number-prefix\">+<\/span>\n\t\t\t\t<span class=\"elementor-counter-number\" data-duration=\"2000\" data-to-value=\"80\" data-from-value=\"0\" data-delimiter=\",\">0<\/span>\n\t\t\t\t<span class=\"elementor-counter-number-suffix\"><\/span>\n\t\t\t<\/div>\n\t\t<\/div>\n\t\t\t\t\t\t<\/div>\n\t\t\t\t<\/div>\n\t\t\t\t\t<\/div>\n\t\t\t\t<\/div>\n\t\t<div class=\"elementor-element elementor-element-62507b7 e-flex e-con-boxed e-con e-parent\" data-id=\"62507b7\" data-element_type=\"container\" data-settings=\"{&quot;background_background&quot;:&quot;classic&quot;}\">\n\t\t\t\t\t<div class=\"e-con-inner\">\n\t\t\t\t<div class=\"elementor-element elementor-element-e415766 elementor-widget-tablet__width-inherit elementor-widget elementor-widget-heading\" data-id=\"e415766\" data-element_type=\"widget\" data-widget_type=\"heading.default\">\n\t\t\t\t<div class=\"elementor-widget-container\">\n\t\t\t\t\t<p class=\"elementor-heading-title elementor-size-default\">Conhe\u00e7a a Nexus Home<\/p>\t\t\t\t<\/div>\n\t\t\t\t<\/div>\n\t\t\t\t<div class=\"elementor-element elementor-element-371cc12 elementor-invisible elementor-widget elementor-widget-heading\" data-id=\"371cc12\" data-element_type=\"widget\" data-settings=\"{&quot;_animation&quot;:&quot;fadeIn&quot;}\" data-widget_type=\"heading.default\">\n\t\t\t\t<div class=\"elementor-widget-container\">\n\t\t\t\t\t<p class=\"elementor-heading-title elementor-size-default\">Compromisso com a excel\u00eancia em tudo que fazemos.<\/p>\t\t\t\t<\/div>\n\t\t\t\t<\/div>\n\t\t\t\t\t<\/div>\n\t\t\t\t<\/div>\n\t\t\t\t<\/div>\n\t\t","protected":false},"excerpt":{"rendered":"<p>Sobre N\u00f3s Conhe\u00e7a a Nexus Home Escrit\u00f3rio de arquitetura em GUARIBA Na Nexus Home, entendemos que sua casa \u00e9 muito mais do que umespa\u00e7o f\u00edsico. \u00c9 o lugar onde voc\u00ea vive seus melhores momentos,cria mem\u00f3rias e expressa sua personalidade. Nossa miss\u00e3o \u00e9 construir la\u00e7os duradouros com nossos clientes,oferecendo um servi\u00e7o personalizado e transparente em todas [&hellip;]<\/p>\n","protected":false},"author":1,"featured_media":0,"parent":0,"menu_order":0,"comment_status":"closed","ping_status":"closed","template":"elementor_header_footer","meta":{"footnotes":""},"class_list":["post-21","page","type-page","status-publish","hentry"],"_links":{"self":[{"href":"https:\/\/studiodesignweb.com.br\/arquitetura\/wp-json\/wp\/v2\/pages\/21","targetHints":{"allow":["GET"]}}],"collection":[{"href":"https:\/\/studiodesignweb.com.br\/arquitetura\/wp-json\/wp\/v2\/pages"}],"about":[{"href":"https:\/\/studiodesignweb.com.br\/arquitetura\/wp-json\/wp\/v2\/types\/page"}],"author":[{"embeddable":true,"href":"https:\/\/studiodesignweb.com.br\/arquitetura\/wp-json\/wp\/v2\/users\/1"}],"replies":[{"embeddable":true,"href":"https:\/\/studiodesignweb.com.br\/arquitetura\/wp-json\/wp\/v2\/comments?post=21"}],"version-history":[{"count":8,"href":"https:\/\/studiodesignweb.com.br\/arquitetura\/wp-json\/wp\/v2\/pages\/21\/revisions"}],"predecessor-version":[{"id":355,"href":"https:\/\/studiodesignweb.com.br\/arquitetura\/wp-json\/wp\/v2\/pages\/21\/revisions\/355"}],"wp:attachment":[{"href":"https:\/\/studiodesignweb.com.br\/arquitetura\/wp-json\/wp\/v2\/media?parent=21"}],"curies":[{"name":"wp","href":"https:\/\/api.w.org\/{rel}","templated":true}]}}